)) + 2.
3
Let g be 6/(-1)*3/(-6). Let h(t) = 2*t**3 - 3*t**2 - 4*t + 4. List the prime factors of h(g).
19
Let y(l) = -26*l - 5. Let o be y(-6). Let w = -104 + o. What are the prime factors of w?
47
Let x(o) = 7*o - 3. Let j be x(3). Suppose -2*n = 4, 2*l - 3*n = l + j. Suppose 0*k = -4*k + l. What are the prime factors of k?
3
Suppose 115 + 30 = 3*t + 5*y, -t = 3*y - 47. What are the prime factors of t?
2, 5
Let b(d) = -d**3 - 2*d**2 - 2*d. Let w be b(-3). Let n be (-6)/w + 24/10. Suppose n*h + 3*h = 3*z - 41, -z + 15 = -2*h. What are the prime factors of z?
7
Suppose -z + 10 = z. Suppose -s + 4 = 3*s - 4*u, -5 = -z*u. List the prime factors of (-15)/(-2) - 1/s.
7
Suppose 50 = u + 4*u. Suppose -u = -2*n + n. List the prime factors of n.
2, 5
Suppose -m = 2*m - 12. Suppose -m*k - k = -80. What are the prime factors of k?
2
Let w be (1 - (-1 - -1))*141. Suppose 5*l - 3*x - w = -4*x, x = -l + 29. What are the prime factors of l?
2, 7
Let k be -1 - (-15 + (1 - -1)). Suppose -4*l + 44 = -k. What are the prime factors of l?
2, 7
Let d(p) = -8*p + 3. Let v be d(-8). Suppose -3*q - 214 = -7*q + 2*g, 0 = q - 5*g - v. List the prime factors of q.
2, 13
Let w be ((-6)/5)/(1/5). Let c(g) = -4*g - 8 - 2*g**2 + 3*g**2 + 8*g. List the prime factors of c(w).
2
Let y = 378 - 231. What are the prime factors of y?
3, 7
Let i(t) = 9*t - 11. Let a(l) = 5*l - 6. Let p(y) = 11*a(y) - 6*i(y). Let c be p(2). List the prime factors of (3 + -2)*(c - -10).
2, 3
Suppose 2 = 3*w - 52. Suppose c - w = -2*c. What are the prime factors of c?
2, 3
Suppose 0 = 4*c - 2*c - 244. List the prime factors of c.
2, 61
Suppose -4*u + 7 + 1 = 0. Let a be ((-3)/u)/(5/10). Let w = 1 - a. List the prime factors of w.
2
Suppose -3*q + 4*r = q - 192, 0 = 4*q + 4*r - 192. What are the prime factors of q?
2, 3
Let u be 440/8*8/10. List the prime factors of u + (1 - (-2 - 0)).
47
Let w(m) = m**2 + 5*m + 2. Let t be w(-6). Suppose -3*r = 8 + 1. Let n = t + r. What are the prime factors of n?
5
Let i be (-2)/(1/(-3)*1). Let v(a) = -a**3 + 7*a**2 - 2*a - 4. Let o be v(i). List the prime factors of (12/(-10))/((-6)/o).
2
Suppose 0*b - 21 = -f - b, 0 = f - 3*b - 37. What are the prime factors of f/(-4)*(-8)/2?
5
Let o be -5*(3 + 0) + -3. List the prime factors of (6/o)/(2/(-84)).
2, 7
Let k(o) = -o**3 + 5*o**2 - 2*o + 1. Suppose 0 = -4*m - 3*y + 14 + 5, 2*m - 3*y = 5. List the prime factors of k(m).
3
List the prime factors of 5*10/25 + 38.
2, 5
Let k = 298 - 185. List the prime factors of k.
113
Suppose 4*x = 4*u - 140, -6*x + 2*x = 3*u - 105. What are the prime factors of u?
5, 7
Let t be 8/3*(-63)/(-12). Suppose 2*m + 6 - 20 = -o, -2*m + 3*o = -t. List the prime factors of m.
7
Let f be (6/5)/(15/50). Let v be (6/(-3))/(f/(-30)). Suppose 3*c = -v, c + c = -5*w + 80. What are the prime factors of w?
2, 3
Let x = -8 - -4. Let y = -2 - x. What are the prime factors of y?
2
Let i be (54/8)/(9/48). Suppose -i = -3*r - 6. What are the prime factors of r?
2, 5
Let i = -284 + 518. What are the prime factors of i?
2, 3, 13
Let u = 10 - 8. What are the prime factors of (35/20)/(u/8)?
7
Suppose -2*c = -0*c + 5*q - 74, -4*c + 5*q + 118 = 0. What are the prime factors of c?
2
Suppose 232 = 5*f - 268. List the prime factors of f.
2, 5
Let q(s) = 10*s**2 + s - 1. Let b = 0 + 2. Let a = 3 - b. What are the prime factors of q(a)?
2, 5
Let v(i) = 7*i**3 + i**2 + 2*i - 10. Let y(l) = 20*l**3 + 2*l**2 + 5*l - 29. Let j(u) = -17*v(u) + 6*y(u). What are the prime factors of j(6)?
2
Let y(j) be the first derivative of j**5/20 + 5*j**4/12 + j**3/2 + 5*j**2/2 - j + 1. Let m(g) be the first derivative of y(g). List the prime factors of m(-4).
3
Suppose 0 = -3*w + 4*g + 394, -3*g = -4*w + 292 + 238. List the prime factors of w.
2, 67
Suppose -125 = -2*g + 17. What are the prime factors of g?
71
Let w = 28 + -25. Let v be 4 + (-1 - 0) + -1. Suppose -4*m + v*q + 40 = 0, -w*m + 2*q = -11 - 19. What are the prime factors of m?
2, 5
List the prime factors of ((-120)/(-35))/((-2)/(-14)).
2, 3
Let v(u) = -u**3 - 15*u**2 - 9*u - 37. What are the prime factors of v(-15)?
2, 7
List the prime factors of -2 - 1*35*-2.
2, 17
Suppose -i = -3*i + 6. Suppose -h = -0*h - i. Suppose -h*b = 5*w - 32, -b + w + 5 = -3. List the prime factors of b.
3
Suppose 3*i = -15, i + 112 = 4*j - 5. What are the prime factors of 4/(-14) - (-540)/j?
19
Let h(i) = i - 4. Let t be h(6). Suppose -4*g + 46 = -t*g. List the prime factors of g.
23
Suppose -8*f = -4*f. Let g be 6/3 + -16 - f. Let h = g - -21. List the prime factors of h.
7
Suppose 13*n = 6*n + 1386. List the prime factors of n.
2, 3, 11
Let i(m) = -m**3 - 3*m**2 - 3*m - 6. Let z = 11 - 14. What are the prime factors of i(z)?
3
Let r be (2/(-6))/((-7)/(-21)). Let a(w) = -8*w**3 + 2*w**2 + w. What are the prime factors of a(r)?
3
Let b(w) = w**3 + 11*w**2 - 19*w + 11. What are the prime factors of b(-11)?
2, 5, 11
Let o = 3 - 1. Suppose 3*a + o = -2*f + 18, -4*a = -3*f - 10. Suppose -f*u + 0*u = -20. List the prime factors of u.
2, 5
Let o = 21 + -11. What are the prime factors of o?
2, 5
Suppose -2*z - 5*y = -9, 0*z + z = 5*y - 3. What are the prime factors of z/(-3) - (-336)/18?
2, 3
Let b = 47 - 20. Suppose -4*d + b = -3*s, 5 = 2*s - 1. List the prime factors of d.
3
Suppose -3*c + 2 = 11. List the prime factors of c/12 + 65/4.
2
Suppose -i - 5*f + 36 = 0, -5*f - 284 = -5*i - 4*f. What are the prime factors of i?
2, 7
Suppose j + 2*j + 5*p - 252 = 0, 84 = j - 4*p. List the prime factors of j.
2, 3, 7
Suppose -2*b = -5 - 3. Suppose -v = -a + 17, -b*v - 36 = -3*a + a. Suppose k = -3*k + a. List the prime factors of k.
2
Let u(q) = -q**3 - 2*q**2 + 2. Let z be u(-2). Let c be (-3 - 1) + z - -3. Suppose -5*k = -b + 7, -k = b - 6 - c. What are the prime factors of b?
7
Let m(v) = 3*v + 2. Let l be m(2). Let k(u) = -u**3 + 8*u**2 + 3*u - 11. What are the prime factors of k(l)?
13
Let h = 10 - 8. Let j(i) = i. What are the prime factors of j(h)?
2
Suppose 0 = -4*u + 180 + 60. What are the prime factors of u?
2, 3, 5
Let i(v) = 2*v**2 + 2*v. Let f be i(-2). What are the prime factors of f/14 - (-89)/7?
13
Let z(v) = 2*v**2 + 10*v + 9. Let a be z(-6). Suppose -5*k = 5*q - 5 - 0, 0 = -3*q + 5*k - a. List the prime factors of 15 + 2 + (q - 1).
2, 7
Let z = -7 - -12. Let w = -8 + z. Let p = 5 - w. List the prime factors of p.
2
Let b(i) = -i**2 + 17*i + 5. List the prime factors of b(8).
7, 11
Let t be ((-12)/(-10))/((-14)/35). List the prime factors of t + -1 - 27/(-3).
5
Let i = -3 - -2. Let u be -2 - (-5 + 1 + i). Suppose -u*f - 9 = -6*f. What are the prime factors of f?
3
Suppose 5*v + 0*v = -20. Let a(p) = 2*p**2 + p**2 - 2*p**2 + 3*p + 5. List the prime factors of a(v).
3
Suppose g + 5*x = -31, 2*x - 52 = 2*g + 7*x. What are the prime factors of 42/(-4)*72/g?
2, 3
Let l = -195 + 345. List the prime factors of l.
2, 3, 5
Let d(q) = 7*q**2 - 19*q - 6. List the prime factors of d(5).
2, 37
Suppose 0*a + 3*a + 5*m - 21 = 0, -5*m + 11 = -2*a. Suppose -7*r = -a*r - 10. Let w = r - -4. What are the prime factors of w?
2, 3
Suppose 2*i - 2*l = 9 + 7, -3*i - l + 4 = 0. What are the prime factors of -3 + i + -3 + 12?
3
Let r(m) = -2 + m + 0*m - 3. Let d(i) = -4*i + 21. Let h(l) = 2*d(l) + 9*r(l). List the prime factors of h(5).
2
Let q(n) = -n**2 + 5*n. Let k be q(5). Suppose -c + 0*c + y + 3 = 0, 4*y = -4*c + 28. Suppose -2*u + c + 15 = k. What are the prime factors of u?
2, 5
Let q = -154 - -216. List the prime factors of q.
2, 31
Let d(p) = -p**2 - 5*p + 2. Let z be d(-5). Let k(x) = -z + x**2 + x**2 + 5 - 8*x. What are the prime factors of k(5)?
13
Let x(t) = t**3 - t**2 + t + 2. Let c be x(0). Suppose -3*r + 8 = 2*k, 0*r - 36 = -c*k + 4*r. List the prime factors of k.
2, 5
Let v(j) = -j**3 - 2*j**2 - 9*j - 17. List the prime factors of v(-5).
103
Let u(f) = f + 4. List the prime factors of u(4).
2
Let c(z) be the third derivative of -z**6/120 - z**5/60 + z**4/6 + z**3/2 - 2*z**2. List the prime factors of c(-3).
3
Let g(j) = -j**2 + 7*j - 7. Let t be g(6). Let i = t - -3. Suppose -i = 5*b - 27. What are the prime factors of b?
5
Suppose f + 1 - 4 = 0. Suppose -20 = -f*t - 2. What are the prime factors of t?
2, 3
Let r = 5 - 0. What are the prime factors of r?
5
Let g(k) be the first derivative of -k**